{"id":355,"date":"2020-02-15T15:33:39","date_gmt":"2020-02-15T14:33:39","guid":{"rendered":"https:\/\/neustart-im-beruf.de\/startseite\/?page_id=355"},"modified":"2020-03-31T11:56:24","modified_gmt":"2020-03-31T09:56:24","slug":"vita-thomas-joachim","status":"publish","type":"page","link":"https:\/\/neustart-im-beruf.de\/startseite\/vita-thomas-joachim\/","title":{"rendered":"Meine Vita"},"content":{"rendered":"\n<div class=\"wp-block-button\"><a class=\"wp-block-button__link has-text-color has-very-light-gray-color has-background has-vivid-cyan-blue-background-color\" href=\"https:\/\/neustart-im-beruf.de\/wp-content\/uploads\/2020\/02\/Neuro-Jobocach-Thomas-JOACHIM.pdf\"><strong>Download Coachprofil Thomas Joachim<\/strong><\/a><\/div>\n\n\n\n<figure class=\"wp-block-table is-style-regular\"><table class=\"has-subtle-light-gray-background-color has-fixed-layout has-background\"><tbody><tr><td><strong>Mitglied der <a href=\"https:\/\/www.afnb-international.com\/\">Akademie f\u00fcr neurowissenschaftliches Bildungsmanagement<\/a> seit 01\/2014<\/strong><\/td><td class=\"has-text-align-left\" data-align=\"left\"><img loading=\"lazy\" width=\"1126\" height=\"472\" class=\"wp-image-363\" style=\"width: 450px;\" src=\"https:\/\/neustart-im-beruf.de\/wp-content\/uploads\/2020\/02\/Label-AFNB.png\" alt=\"\" srcset=\"https:\/\/neustart-im-beruf.de\/wp-content\/uploads\/2020\/02\/Label-AFNB.png 1126w, https:\/\/neustart-im-beruf.de\/wp-content\/uploads\/2020\/02\/Label-AFNB-300x126.png 300w, https:\/\/neustart-im-beruf.de\/wp-content\/uploads\/2020\/02\/Label-AFNB-1024x429.png 1024w, https:\/\/neustart-im-beruf.de\/wp-content\/uploads\/2020\/02\/Label-AFNB-768x322.png 768w\" sizes=\"(max-width: 1126px) 100vw, 1126px\" \/><\/td><\/tr><tr><td><strong>Berufserfahrung<\/strong><\/td><td class=\"has-text-align-left\" data-align=\"left\"><\/td><\/tr><tr><td>07\/2014 &#8211; heute<\/td><td class=\"has-text-align-left\" data-align=\"left\"><strong>Freiberuflicher Trainer und Jobcoach <br><\/strong>f\u00fcr gehirngerechte Jobfindung, Pers\u00f6nlichkeits- und F\u00fchrungskr\u00e4fteentwicklung<\/td><\/tr><tr><td>03\/2019 &#8211; heute<\/td><td class=\"has-text-align-left\" data-align=\"left\"><strong>Lehrbeauftragter f\u00fcr Kommunikation <\/strong><br>an der <a href=\"https:\/\/www.hs-kempten.de\/home.html\">Hochschule Kempten<\/a><\/td><\/tr><tr><td>07\/2007 \u2013 06\/2014 <\/td><td class=\"has-text-align-left\" data-align=\"left\"><strong>Training Manager <br><\/strong>Academy for Professional Training<br>Siemens Enterprise Communications GmbH &amp; Co. KG, M\u00fcnchen <\/td><\/tr><tr><td>10\/2002 &#8211; 06\/2007 <\/td><td class=\"has-text-align-left\" data-align=\"left\"><strong>Produkt- und Projekt Manager<\/strong><br>bei Siemens Enterprise Communications GmbH &amp; Co. KG, <br>und Siemens AG, M\u00fcnchen, M\u00fcnchen <\/td><\/tr><tr><td>05\/1996 &#8211; 09\/2002 <\/td><td class=\"has-text-align-left\" data-align=\"left\"><strong>Dozent und Teamleiter Training <\/strong><br>beim Trainingsinstitut f\u00fcr Information &amp; Communication Networks der Siemens AG, M\u00fcnchen <\/td><\/tr><tr><td>07\/1982 &#8211; 09\/1992<\/td><td class=\"has-text-align-left\" data-align=\"left\"><strong>Zeitsoldat beim Heer und Luftwaffe<\/strong><br>in Landsberg\/Lech und Kaufbeuren<br>&#8211; Ausbilder f\u00fcr Luftfahrzeugelektronik<br>&#8211; Werkstattleitung einer Elektronikwerkstatt<br>&#8211; Funk- und Radarelektroniker<\/td><\/tr><tr><td>07\/1991 &#8211; 06\/1992<\/td><td class=\"has-text-align-left\" data-align=\"left\"><strong>Aushilfskraft<\/strong> bei der Rosenbrauerei Kaufbeuren<\/td><\/tr><tr><td><strong>Berufsausbildungen<\/strong><\/td><td class=\"has-text-align-left\" data-align=\"left\"><\/td><\/tr><tr><td>03\/2015 &#8211; 03\/2017  <\/td><td class=\"has-text-align-left\" data-align=\"left\"><strong><a href=\"https:\/\/www.academy-of-neuroscience.com\/\">Ausbildung im Bereich der kognitiven Neurowissenschaften <\/a><\/strong><br>an der privaten Academy of Neuroscience, K\u00f6ln Abschlussarbeit: \u201cNutzung der Erkenntnisse der Hirnforschung im F\u00fchrungsalltag\u201d<br>Abschlussnote 1,0<\/td><\/tr><tr><td>10\/1992 &#8211; 04\/1996 <\/td><td class=\"has-text-align-left\" data-align=\"left\"><strong>Studium zum Dipl. Ing. (FH) Kommunikationstechnik <\/strong>  FH Augsburg <\/td><\/tr><tr><td>11\/1987 &#8211; 07\/1988 <\/td><td class=\"has-text-align-left\" data-align=\"left\"><strong>Industriemeister Nachrichtentechnik<\/strong><\/td><\/tr><tr><td> 01\/1983 &#8211; 01\/1985 <\/td><td class=\"has-text-align-left\" data-align=\"left\"><strong>Ausbildung zum Nachrichtenger\u00e4temechaniker\/ Funkelektroniker <\/strong><\/td><\/tr><tr><td><strong>Weiterbildungen<\/strong><\/td><td class=\"has-text-align-left\" data-align=\"left\"><\/td><\/tr><tr><td>seit 2014 mehr als 25+ Seminare<\/td><td class=\"has-text-align-left\" data-align=\"left\"><strong>Neurowissenschaftliches integratives Coaching<\/strong><br>Erfolgreiche <strong>F\u00fchrungsstrategien <\/strong><br><strong>Das soziale Gehirn<\/strong> \u2013 Die Wichtigkeit von Kooperation, Vertrauen und gegenseitige Hilfestellung in der Berufswelt<br><strong>Change Management<br>Kommunikation<\/strong><\/td><\/tr><tr><td>sonstige<\/td><td class=\"has-text-align-left\" data-align=\"left\">Kommunikationstrainer<br>Gewaltfreie Kommunikation<br>Rhetorik<br>NLP Coach<br>Z\u00fcricher Ressourcen Modell<br>und viele andere mehr&#8230;<\/td><\/tr><\/tbody><\/table><\/figure>\n","protected":false},"excerpt":{"rendered":"<p>Mitglied der Akademie f\u00fcr neurowissenschaftliches Bildungsmanagement seit 01\/2014 Berufserfahrung 07\/2014 &#8211; heute Freiberuflicher Trainer und Jobcoach f\u00fcr gehirngerechte Jobfindung, Pers\u00f6nlichkeits- und F\u00fchrungskr\u00e4fteentwicklung 03\/2019 &#8211; heute Lehrbeauftragter f\u00fcr Kommunikation an der Hochschule Kempten 07\/2007 \u2013 06\/2014 Training Manager Academy for Professional TrainingSiemens Enterprise Communications GmbH &amp; Co. KG, M\u00fcnchen 10\/2002 &#8211; 06\/2007 Produkt- und Projekt Managerbei &#8230; <a title=\"Meine Vita\" class=\"read-more\" href=\"https:\/\/neustart-im-beruf.de\/startseite\/vita-thomas-joachim\/\">Weiterlesen <span class=\"screen-reader-text\">Meine Vita<\/span><\/a><\/p>\n","protected":false},"author":1,"featured_media":0,"parent":0,"menu_order":0,"comment_status":"closed","ping_status":"closed","template":"","meta":[],"yoast_head":"<!-- This site is optimized with the Yoast SEO plugin v18.3 - https:\/\/yoast.com\/wordpress\/plugins\/seo\/ -->\n<title>Meine Vita - Neustart im Beruf<\/title>\n<meta name=\"description\" content=\"Bewerbung von A bis Z, Karriereplanung, Neuorientierung. Hier wird Ihnen geholfen. Kostenloses Stragiegespr\u00e4ch bei Neuro-Jobcoach Thomas Joachim anfordern.\" \/>\n<meta name=\"robots\" content=\"index, follow, max-snippet:-1, max-image-preview:large, max-video-preview:-1\" \/>\n<link rel=\"canonical\" href=\"https:\/\/neustart-im-beruf.de\/startseite\/vita-thomas-joachim\/\" \/>\n<meta property=\"og:locale\" content=\"de_DE\" \/>\n<meta property=\"og:type\" content=\"article\" \/>\n<meta property=\"og:title\" content=\"Meine Vita - Neustart im Beruf\" \/>\n<meta property=\"og:description\" content=\"Bewerbung von A bis Z, Karriereplanung, Neuorientierung. Hier wird Ihnen geholfen. Kostenloses Stragiegespr\u00e4ch bei Neuro-Jobcoach Thomas Joachim anfordern.\" \/>\n<meta property=\"og:url\" content=\"https:\/\/neustart-im-beruf.de\/startseite\/vita-thomas-joachim\/\" \/>\n<meta property=\"og:site_name\" content=\"Neustart im Beruf\" \/>\n<meta property=\"article:modified_time\" content=\"2020-03-31T09:56:24+00:00\" \/>\n<meta property=\"og:image\" content=\"https:\/\/neustart-im-beruf.de\/wp-content\/uploads\/2020\/02\/Label-AFNB.png\" \/>\n<meta name=\"twitter:card\" content=\"summary_large_image\" \/>\n<meta name=\"twitter:label1\" content=\"Gesch\u00e4tzte Lesezeit\" \/>\n\t<meta name=\"twitter:data1\" content=\"1\u00a0Minute\" \/>\n<script type=\"application\/ld+json\" class=\"yoast-schema-graph\">{\"@context\":\"https:\/\/schema.org\",\"@graph\":[{\"@type\":\"Organization\",\"@id\":\"https:\/\/neustart-im-beruf.de\/startseite\/#organization\",\"name\":\"Joachim Coaching\",\"url\":\"https:\/\/neustart-im-beruf.de\/startseite\/\",\"sameAs\":[\"https:\/\/www.xing.com\/profile\/Thomas_Joachim2\"],\"logo\":{\"@type\":\"ImageObject\",\"@id\":\"https:\/\/neustart-im-beruf.de\/startseite\/#logo\",\"inLanguage\":\"de\",\"url\":\"https:\/\/neustart-im-beruf.de\/wp-content\/uploads\/2020\/02\/Joachim-Academy-und-Coaching.png\",\"contentUrl\":\"https:\/\/neustart-im-beruf.de\/wp-content\/uploads\/2020\/02\/Joachim-Academy-und-Coaching.png\",\"width\":864,\"height\":239,\"caption\":\"Joachim Coaching\"},\"image\":{\"@id\":\"https:\/\/neustart-im-beruf.de\/startseite\/#logo\"}},{\"@type\":\"WebSite\",\"@id\":\"https:\/\/neustart-im-beruf.de\/startseite\/#website\",\"url\":\"https:\/\/neustart-im-beruf.de\/startseite\/\",\"name\":\"Neustart im Beruf\",\"description\":\"Unterst\u00fctzung auf dem Weg zum optimalen Arbeitsplatz\",\"publisher\":{\"@id\":\"https:\/\/neustart-im-beruf.de\/startseite\/#organization\"},\"potentialAction\":[{\"@type\":\"SearchAction\",\"target\":{\"@type\":\"EntryPoint\",\"urlTemplate\":\"https:\/\/neustart-im-beruf.de\/startseite\/?s={search_term_string}\"},\"query-input\":\"required name=search_term_string\"}],\"inLanguage\":\"de\"},{\"@type\":\"ImageObject\",\"@id\":\"https:\/\/neustart-im-beruf.de\/startseite\/vita-thomas-joachim\/#primaryimage\",\"inLanguage\":\"de\",\"url\":\"https:\/\/neustart-im-beruf.de\/wp-content\/uploads\/2020\/02\/Label-AFNB.png\",\"contentUrl\":\"https:\/\/neustart-im-beruf.de\/wp-content\/uploads\/2020\/02\/Label-AFNB.png\",\"width\":1126,\"height\":472,\"caption\":\"AFNB\"},{\"@type\":\"WebPage\",\"@id\":\"https:\/\/neustart-im-beruf.de\/startseite\/vita-thomas-joachim\/#webpage\",\"url\":\"https:\/\/neustart-im-beruf.de\/startseite\/vita-thomas-joachim\/\",\"name\":\"Meine Vita - Neustart im Beruf\",\"isPartOf\":{\"@id\":\"https:\/\/neustart-im-beruf.de\/startseite\/#website\"},\"primaryImageOfPage\":{\"@id\":\"https:\/\/neustart-im-beruf.de\/startseite\/vita-thomas-joachim\/#primaryimage\"},\"datePublished\":\"2020-02-15T14:33:39+00:00\",\"dateModified\":\"2020-03-31T09:56:24+00:00\",\"description\":\"Bewerbung von A bis Z, Karriereplanung, Neuorientierung. Hier wird Ihnen geholfen. Kostenloses Stragiegespr\u00e4ch bei Neuro-Jobcoach Thomas Joachim anfordern.\",\"breadcrumb\":{\"@id\":\"https:\/\/neustart-im-beruf.de\/startseite\/vita-thomas-joachim\/#breadcrumb\"},\"inLanguage\":\"de\",\"potentialAction\":[{\"@type\":\"ReadAction\",\"target\":[\"https:\/\/neustart-im-beruf.de\/startseite\/vita-thomas-joachim\/\"]}]},{\"@type\":\"BreadcrumbList\",\"@id\":\"https:\/\/neustart-im-beruf.de\/startseite\/vita-thomas-joachim\/#breadcrumb\",\"itemListElement\":[{\"@type\":\"ListItem\",\"position\":1,\"name\":\"Startseite\",\"item\":\"https:\/\/neustart-im-beruf.de\/startseite\/\"},{\"@type\":\"ListItem\",\"position\":2,\"name\":\"Meine Vita\"}]}]}<\/script>\n<!-- \/ Yoast SEO plugin. -->","yoast_head_json":{"title":"Meine Vita - Neustart im Beruf","description":"Bewerbung von A bis Z, Karriereplanung, Neuorientierung. Hier wird Ihnen geholfen. Kostenloses Stragiegespr\u00e4ch bei Neuro-Jobcoach Thomas Joachim anfordern.","robots":{"index":"index","follow":"follow","max-snippet":"max-snippet:-1","max-image-preview":"max-image-preview:large","max-video-preview":"max-video-preview:-1"},"canonical":"https:\/\/neustart-im-beruf.de\/startseite\/vita-thomas-joachim\/","og_locale":"de_DE","og_type":"article","og_title":"Meine Vita - Neustart im Beruf","og_description":"Bewerbung von A bis Z, Karriereplanung, Neuorientierung. Hier wird Ihnen geholfen. Kostenloses Stragiegespr\u00e4ch bei Neuro-Jobcoach Thomas Joachim anfordern.","og_url":"https:\/\/neustart-im-beruf.de\/startseite\/vita-thomas-joachim\/","og_site_name":"Neustart im Beruf","article_modified_time":"2020-03-31T09:56:24+00:00","og_image":[{"url":"https:\/\/neustart-im-beruf.de\/wp-content\/uploads\/2020\/02\/Label-AFNB.png"}],"twitter_card":"summary_large_image","twitter_misc":{"Gesch\u00e4tzte Lesezeit":"1\u00a0Minute"},"schema":{"@context":"https:\/\/schema.org","@graph":[{"@type":"Organization","@id":"https:\/\/neustart-im-beruf.de\/startseite\/#organization","name":"Joachim Coaching","url":"https:\/\/neustart-im-beruf.de\/startseite\/","sameAs":["https:\/\/www.xing.com\/profile\/Thomas_Joachim2"],"logo":{"@type":"ImageObject","@id":"https:\/\/neustart-im-beruf.de\/startseite\/#logo","inLanguage":"de","url":"https:\/\/neustart-im-beruf.de\/wp-content\/uploads\/2020\/02\/Joachim-Academy-und-Coaching.png","contentUrl":"https:\/\/neustart-im-beruf.de\/wp-content\/uploads\/2020\/02\/Joachim-Academy-und-Coaching.png","width":864,"height":239,"caption":"Joachim Coaching"},"image":{"@id":"https:\/\/neustart-im-beruf.de\/startseite\/#logo"}},{"@type":"WebSite","@id":"https:\/\/neustart-im-beruf.de\/startseite\/#website","url":"https:\/\/neustart-im-beruf.de\/startseite\/","name":"Neustart im Beruf","description":"Unterst\u00fctzung auf dem Weg zum optimalen Arbeitsplatz","publisher":{"@id":"https:\/\/neustart-im-beruf.de\/startseite\/#organization"},"potentialAction":[{"@type":"SearchAction","target":{"@type":"EntryPoint","urlTemplate":"https:\/\/neustart-im-beruf.de\/startseite\/?s={search_term_string}"},"query-input":"required name=search_term_string"}],"inLanguage":"de"},{"@type":"ImageObject","@id":"https:\/\/neustart-im-beruf.de\/startseite\/vita-thomas-joachim\/#primaryimage","inLanguage":"de","url":"https:\/\/neustart-im-beruf.de\/wp-content\/uploads\/2020\/02\/Label-AFNB.png","contentUrl":"https:\/\/neustart-im-beruf.de\/wp-content\/uploads\/2020\/02\/Label-AFNB.png","width":1126,"height":472,"caption":"AFNB"},{"@type":"WebPage","@id":"https:\/\/neustart-im-beruf.de\/startseite\/vita-thomas-joachim\/#webpage","url":"https:\/\/neustart-im-beruf.de\/startseite\/vita-thomas-joachim\/","name":"Meine Vita - Neustart im Beruf","isPartOf":{"@id":"https:\/\/neustart-im-beruf.de\/startseite\/#website"},"primaryImageOfPage":{"@id":"https:\/\/neustart-im-beruf.de\/startseite\/vita-thomas-joachim\/#primaryimage"},"datePublished":"2020-02-15T14:33:39+00:00","dateModified":"2020-03-31T09:56:24+00:00","description":"Bewerbung von A bis Z, Karriereplanung, Neuorientierung. Hier wird Ihnen geholfen. Kostenloses Stragiegespr\u00e4ch bei Neuro-Jobcoach Thomas Joachim anfordern.","breadcrumb":{"@id":"https:\/\/neustart-im-beruf.de\/startseite\/vita-thomas-joachim\/#breadcrumb"},"inLanguage":"de","potentialAction":[{"@type":"ReadAction","target":["https:\/\/neustart-im-beruf.de\/startseite\/vita-thomas-joachim\/"]}]},{"@type":"BreadcrumbList","@id":"https:\/\/neustart-im-beruf.de\/startseite\/vita-thomas-joachim\/#breadcrumb","itemListElement":[{"@type":"ListItem","position":1,"name":"Startseite","item":"https:\/\/neustart-im-beruf.de\/startseite\/"},{"@type":"ListItem","position":2,"name":"Meine Vita"}]}]}},"_links":{"self":[{"href":"https:\/\/neustart-im-beruf.de\/startseite\/wp-json\/wp\/v2\/pages\/355"}],"collection":[{"href":"https:\/\/neustart-im-beruf.de\/startseite\/wp-json\/wp\/v2\/pages"}],"about":[{"href":"https:\/\/neustart-im-beruf.de\/startseite\/wp-json\/wp\/v2\/types\/page"}],"author":[{"embeddable":true,"href":"https:\/\/neustart-im-beruf.de\/startseite\/wp-json\/wp\/v2\/users\/1"}],"replies":[{"embeddable":true,"href":"https:\/\/neustart-im-beruf.de\/startseite\/wp-json\/wp\/v2\/comments?post=355"}],"version-history":[{"count":13,"href":"https:\/\/neustart-im-beruf.de\/startseite\/wp-json\/wp\/v2\/pages\/355\/revisions"}],"predecessor-version":[{"id":596,"href":"https:\/\/neustart-im-beruf.de\/startseite\/wp-json\/wp\/v2\/pages\/355\/revisions\/596"}],"wp:attachment":[{"href":"https:\/\/neustart-im-beruf.de\/startseite\/wp-json\/wp\/v2\/media?parent=355"}],"curies":[{"name":"wp","href":"https:\/\/api.w.org\/{rel}","templated":true}]}}