{"id":305,"date":"2020-01-26T19:41:18","date_gmt":"2020-01-26T18:41:18","guid":{"rendered":"https:\/\/neustart-im-beruf.de\/startseite\/?page_id=305"},"modified":"2020-03-24T17:12:02","modified_gmt":"2020-03-24T16:12:02","slug":"fuer-unternehmen","status":"publish","type":"page","link":"https:\/\/neustart-im-beruf.de\/startseite\/fuer-unternehmen\/","title":{"rendered":"F\u00fcr Unternehmen"},"content":{"rendered":"\n<figure class=\"wp-block-image size-large is-style-default\"><a href=\"https:\/\/neustart-im-beruf.de\/startseite\/optimale-mitarbeiterplatzierung\/\"><img loading=\"lazy\" width=\"1024\" height=\"433\" src=\"https:\/\/neustart-im-beruf.de\/wp-content\/uploads\/2020\/02\/Optimum-Placement-optimale-Mitarbeiterplatzierung-1024x433.jpg\" alt=\"Optimum Placement - optimale Mitarbeiterplatzierung\" class=\"wp-image-403\" srcset=\"https:\/\/neustart-im-beruf.de\/wp-content\/uploads\/2020\/02\/Optimum-Placement-optimale-Mitarbeiterplatzierung-1024x433.jpg 1024w, https:\/\/neustart-im-beruf.de\/wp-content\/uploads\/2020\/02\/Optimum-Placement-optimale-Mitarbeiterplatzierung-300x127.jpg 300w, https:\/\/neustart-im-beruf.de\/wp-content\/uploads\/2020\/02\/Optimum-Placement-optimale-Mitarbeiterplatzierung-768x325.jpg 768w, https:\/\/neustart-im-beruf.de\/wp-content\/uploads\/2020\/02\/Optimum-Placement-optimale-Mitarbeiterplatzierung-1536x650.jpg 1536w, https:\/\/neustart-im-beruf.de\/wp-content\/uploads\/2020\/02\/Optimum-Placement-optimale-Mitarbeiterplatzierung.jpg 1920w\" sizes=\"(max-width: 1024px) 100vw, 1024px\" \/><\/a><\/figure>\n\n\n\n<p>Wir befinden uns in einer Welt, die sich kontinuierlich ver\u00e4ndert, instabiler wird und Ver\u00e4nderungen immer unvorhersehbarer werden. Durch zunehmende Vernetzung, Globalisierung und immer rasanteren Ver\u00e4nderungen gibt es bei Unternehmen ein wachsendes Bed\u00fcrfnis die Methoden der menschlichen Zusammenarbeit zu optimieren. Daf\u00fcr sind Mitarbeiter n\u00f6tig, die Verantwortung \u00fcbernehmen. Dies tun sie am liebsten wenn sie an Arbeitspl\u00e4tzen wirken, die Ihrer Pers\u00f6nlichkeit, Interessen und F\u00e4higkeiten entsprechen.  <\/p>\n\n\n\n<p>Personalchefs klagen gern \u00fcber zwei typische Probleme. Zum einen wird es immer schwieriger Fach- und F\u00fchrungskr\u00e4fte zu halten. Zum anderen ben\u00f6tigt  die Suche nach neuen Mitarbeiter in vielen F\u00e4llen mehrere Monate, um vakante Stellen zu besetzen. Insbesondere <a href=\"https:\/\/de.wikipedia.org\/wiki\/Generation_Y\">Mitarbeiter j\u00fcngerer Generationen<\/a> lassen sich weniger mit Geld und Status locken. Diese m\u00f6gen teamorientierte Aufgabenbereiche, die ihnen Sinn und Spa\u00df vermitteln.  Diese Arbeitspl\u00e4tze d\u00fcrfen Herausforderungen beinhalten an denen sie wachsen k\u00f6nnen. <\/p>\n\n\n\n<p>Doch die Verantwortlichen in Unternehmen sch\u00f6pfen meist nicht alle M\u00f6glichkeiten aus, um Mitarbeiter im Unternehmen zu halten. \u00dcbliche Praxis ist es dem Mitarbeiter ein festgezimmerten Stellenprofil zuzuordnen, dass seine T\u00e4tigkeiten und Verantwortlichkeiten definiert. Oftmals passt die zugewiesene &#8222;Schublade&#8220; nur unzureichend zu den Talenten, F\u00e4higkeiten und der Pers\u00f6nlichkeit des Mitarbeiters.<\/p>\n\n\n\n<p>W\u00e4re es da nicht besser, das Aufgabenprofil rund um die Kompetenzen und Interessen des Mitarbeiters zu gestalten?<br>Ja, es gibt Beispiele, wo dieser Ansatz erfolgreich funktioniert hat. <\/p>\n\n\n\n<p>M\u00f6chten Sie nun mehr mehr dar\u00fcber erfahren, wie genau die <a href=\"https:\/\/neustart-im-beruf.de\/startseite\/optimale-mitarbeiterplatzierung\/\">Neugestaltung des Verantwortungsbereichs eines Mitarbeiters<\/a> aussehen kann? Dann vereinbaren Sie jetzt gleich einen Termin f\u00fcr das kostenlose Erstgespr\u00e4ch (Dauer ca. 15 Minuten) mit mir.  <\/p>\n\n\n\n<div class=\"wp-block-button\"><a class=\"wp-block-button__link has-text-color has-very-light-gray-color has-background has-vivid-cyan-blue-background-color\" href=\"https:\/\/neustart-im-beruf.de\/startseite\/kontaktdaten\/\"><strong>Kostenloses Erstgespr\u00e4ch vereinbaren<\/strong><\/a><\/div>\n\n\n\n<p><\/p>\n","protected":false},"excerpt":{"rendered":"<p>Wir befinden uns in einer Welt, die sich kontinuierlich ver\u00e4ndert, instabiler wird und Ver\u00e4nderungen immer unvorhersehbarer werden. Durch zunehmende Vernetzung, Globalisierung und immer rasanteren Ver\u00e4nderungen gibt es bei Unternehmen ein wachsendes Bed\u00fcrfnis die Methoden der menschlichen Zusammenarbeit zu optimieren. Daf\u00fcr sind Mitarbeiter n\u00f6tig, die Verantwortung \u00fcbernehmen. Dies tun sie am liebsten wenn sie an Arbeitspl\u00e4tzen &#8230; <a title=\"F\u00fcr Unternehmen\" class=\"read-more\" href=\"https:\/\/neustart-im-beruf.de\/startseite\/fuer-unternehmen\/\">Weiterlesen <span class=\"screen-reader-text\">F\u00fcr Unternehmen<\/span><\/a><\/p>\n","protected":false},"author":1,"featured_media":0,"parent":0,"menu_order":0,"comment_status":"closed","ping_status":"closed","template":"","meta":[],"yoast_head":"<!-- This site is optimized with the Yoast SEO plugin v18.3 - https:\/\/yoast.com\/wordpress\/plugins\/seo\/ -->\n<title>F\u00fcr Unternehmen - Neustart im Beruf<\/title>\n<meta name=\"description\" content=\"Optimale Mitarbeiterplatzierung in Unternehmen. Neuro-Jobcoach Thomas Joachim unterst\u00fctzt Sie dabei. Jetzt hier kostenfreies Strategiegespr\u00e4ch anfordern...\" \/>\n<meta name=\"robots\" content=\"index, follow, max-snippet:-1, max-image-preview:large, max-video-preview:-1\" \/>\n<link rel=\"canonical\" href=\"https:\/\/neustart-im-beruf.de\/startseite\/fuer-unternehmen\/\" \/>\n<meta property=\"og:locale\" content=\"de_DE\" \/>\n<meta property=\"og:type\" content=\"article\" \/>\n<meta property=\"og:title\" content=\"F\u00fcr Unternehmen - Neustart im Beruf\" \/>\n<meta property=\"og:description\" content=\"Optimale Mitarbeiterplatzierung in Unternehmen. Neuro-Jobcoach Thomas Joachim unterst\u00fctzt Sie dabei. Jetzt hier kostenfreies Strategiegespr\u00e4ch anfordern...\" \/>\n<meta property=\"og:url\" content=\"https:\/\/neustart-im-beruf.de\/startseite\/fuer-unternehmen\/\" \/>\n<meta property=\"og:site_name\" content=\"Neustart im Beruf\" \/>\n<meta property=\"article:modified_time\" content=\"2020-03-24T16:12:02+00:00\" \/>\n<meta property=\"og:image\" content=\"https:\/\/neustart-im-beruf.de\/wp-content\/uploads\/2020\/02\/Optimum-Placement-optimale-Mitarbeiterplatzierung-1024x433.jpg\" \/>\n<meta name=\"twitter:card\" content=\"summary_large_image\" \/>\n<meta name=\"twitter:label1\" content=\"Gesch\u00e4tzte Lesezeit\" \/>\n\t<meta name=\"twitter:data1\" content=\"1\u00a0Minute\" \/>\n<script type=\"application\/ld+json\" class=\"yoast-schema-graph\">{\"@context\":\"https:\/\/schema.org\",\"@graph\":[{\"@type\":\"Organization\",\"@id\":\"https:\/\/neustart-im-beruf.de\/startseite\/#organization\",\"name\":\"Joachim Coaching\",\"url\":\"https:\/\/neustart-im-beruf.de\/startseite\/\",\"sameAs\":[\"https:\/\/www.xing.com\/profile\/Thomas_Joachim2\"],\"logo\":{\"@type\":\"ImageObject\",\"@id\":\"https:\/\/neustart-im-beruf.de\/startseite\/#logo\",\"inLanguage\":\"de\",\"url\":\"https:\/\/neustart-im-beruf.de\/wp-content\/uploads\/2020\/02\/Joachim-Academy-und-Coaching.png\",\"contentUrl\":\"https:\/\/neustart-im-beruf.de\/wp-content\/uploads\/2020\/02\/Joachim-Academy-und-Coaching.png\",\"width\":864,\"height\":239,\"caption\":\"Joachim Coaching\"},\"image\":{\"@id\":\"https:\/\/neustart-im-beruf.de\/startseite\/#logo\"}},{\"@type\":\"WebSite\",\"@id\":\"https:\/\/neustart-im-beruf.de\/startseite\/#website\",\"url\":\"https:\/\/neustart-im-beruf.de\/startseite\/\",\"name\":\"Neustart im Beruf\",\"description\":\"Unterst\u00fctzung auf dem Weg zum optimalen Arbeitsplatz\",\"publisher\":{\"@id\":\"https:\/\/neustart-im-beruf.de\/startseite\/#organization\"},\"potentialAction\":[{\"@type\":\"SearchAction\",\"target\":{\"@type\":\"EntryPoint\",\"urlTemplate\":\"https:\/\/neustart-im-beruf.de\/startseite\/?s={search_term_string}\"},\"query-input\":\"required name=search_term_string\"}],\"inLanguage\":\"de\"},{\"@type\":\"ImageObject\",\"@id\":\"https:\/\/neustart-im-beruf.de\/startseite\/fuer-unternehmen\/#primaryimage\",\"inLanguage\":\"de\",\"url\":\"https:\/\/neustart-im-beruf.de\/wp-content\/uploads\/2020\/02\/Optimum-Placement-optimale-Mitarbeiterplatzierung.jpg\",\"contentUrl\":\"https:\/\/neustart-im-beruf.de\/wp-content\/uploads\/2020\/02\/Optimum-Placement-optimale-Mitarbeiterplatzierung.jpg\",\"width\":1920,\"height\":812,\"caption\":\"Binden Sie Ihre Fach- und F\u00fchrungskr\u00e4fte ans Unternehmen\"},{\"@type\":\"WebPage\",\"@id\":\"https:\/\/neustart-im-beruf.de\/startseite\/fuer-unternehmen\/#webpage\",\"url\":\"https:\/\/neustart-im-beruf.de\/startseite\/fuer-unternehmen\/\",\"name\":\"F\u00fcr Unternehmen - Neustart im Beruf\",\"isPartOf\":{\"@id\":\"https:\/\/neustart-im-beruf.de\/startseite\/#website\"},\"primaryImageOfPage\":{\"@id\":\"https:\/\/neustart-im-beruf.de\/startseite\/fuer-unternehmen\/#primaryimage\"},\"datePublished\":\"2020-01-26T18:41:18+00:00\",\"dateModified\":\"2020-03-24T16:12:02+00:00\",\"description\":\"Optimale Mitarbeiterplatzierung in Unternehmen. Neuro-Jobcoach Thomas Joachim unterst\u00fctzt Sie dabei. Jetzt hier kostenfreies Strategiegespr\u00e4ch anfordern...\",\"breadcrumb\":{\"@id\":\"https:\/\/neustart-im-beruf.de\/startseite\/fuer-unternehmen\/#breadcrumb\"},\"inLanguage\":\"de\",\"potentialAction\":[{\"@type\":\"ReadAction\",\"target\":[\"https:\/\/neustart-im-beruf.de\/startseite\/fuer-unternehmen\/\"]}]},{\"@type\":\"BreadcrumbList\",\"@id\":\"https:\/\/neustart-im-beruf.de\/startseite\/fuer-unternehmen\/#breadcrumb\",\"itemListElement\":[{\"@type\":\"ListItem\",\"position\":1,\"name\":\"Startseite\",\"item\":\"https:\/\/neustart-im-beruf.de\/startseite\/\"},{\"@type\":\"ListItem\",\"position\":2,\"name\":\"F\u00fcr Unternehmen\"}]}]}<\/script>\n<!-- \/ Yoast SEO plugin. -->","yoast_head_json":{"title":"F\u00fcr Unternehmen - Neustart im Beruf","description":"Optimale Mitarbeiterplatzierung in Unternehmen. Neuro-Jobcoach Thomas Joachim unterst\u00fctzt Sie dabei. Jetzt hier kostenfreies Strategiegespr\u00e4ch anfordern...","robots":{"index":"index","follow":"follow","max-snippet":"max-snippet:-1","max-image-preview":"max-image-preview:large","max-video-preview":"max-video-preview:-1"},"canonical":"https:\/\/neustart-im-beruf.de\/startseite\/fuer-unternehmen\/","og_locale":"de_DE","og_type":"article","og_title":"F\u00fcr Unternehmen - Neustart im Beruf","og_description":"Optimale Mitarbeiterplatzierung in Unternehmen. Neuro-Jobcoach Thomas Joachim unterst\u00fctzt Sie dabei. Jetzt hier kostenfreies Strategiegespr\u00e4ch anfordern...","og_url":"https:\/\/neustart-im-beruf.de\/startseite\/fuer-unternehmen\/","og_site_name":"Neustart im Beruf","article_modified_time":"2020-03-24T16:12:02+00:00","og_image":[{"url":"https:\/\/neustart-im-beruf.de\/wp-content\/uploads\/2020\/02\/Optimum-Placement-optimale-Mitarbeiterplatzierung-1024x433.jpg"}],"twitter_card":"summary_large_image","twitter_misc":{"Gesch\u00e4tzte Lesezeit":"1\u00a0Minute"},"schema":{"@context":"https:\/\/schema.org","@graph":[{"@type":"Organization","@id":"https:\/\/neustart-im-beruf.de\/startseite\/#organization","name":"Joachim Coaching","url":"https:\/\/neustart-im-beruf.de\/startseite\/","sameAs":["https:\/\/www.xing.com\/profile\/Thomas_Joachim2"],"logo":{"@type":"ImageObject","@id":"https:\/\/neustart-im-beruf.de\/startseite\/#logo","inLanguage":"de","url":"https:\/\/neustart-im-beruf.de\/wp-content\/uploads\/2020\/02\/Joachim-Academy-und-Coaching.png","contentUrl":"https:\/\/neustart-im-beruf.de\/wp-content\/uploads\/2020\/02\/Joachim-Academy-und-Coaching.png","width":864,"height":239,"caption":"Joachim Coaching"},"image":{"@id":"https:\/\/neustart-im-beruf.de\/startseite\/#logo"}},{"@type":"WebSite","@id":"https:\/\/neustart-im-beruf.de\/startseite\/#website","url":"https:\/\/neustart-im-beruf.de\/startseite\/","name":"Neustart im Beruf","description":"Unterst\u00fctzung auf dem Weg zum optimalen Arbeitsplatz","publisher":{"@id":"https:\/\/neustart-im-beruf.de\/startseite\/#organization"},"potentialAction":[{"@type":"SearchAction","target":{"@type":"EntryPoint","urlTemplate":"https:\/\/neustart-im-beruf.de\/startseite\/?s={search_term_string}"},"query-input":"required name=search_term_string"}],"inLanguage":"de"},{"@type":"ImageObject","@id":"https:\/\/neustart-im-beruf.de\/startseite\/fuer-unternehmen\/#primaryimage","inLanguage":"de","url":"https:\/\/neustart-im-beruf.de\/wp-content\/uploads\/2020\/02\/Optimum-Placement-optimale-Mitarbeiterplatzierung.jpg","contentUrl":"https:\/\/neustart-im-beruf.de\/wp-content\/uploads\/2020\/02\/Optimum-Placement-optimale-Mitarbeiterplatzierung.jpg","width":1920,"height":812,"caption":"Binden Sie Ihre Fach- und F\u00fchrungskr\u00e4fte ans Unternehmen"},{"@type":"WebPage","@id":"https:\/\/neustart-im-beruf.de\/startseite\/fuer-unternehmen\/#webpage","url":"https:\/\/neustart-im-beruf.de\/startseite\/fuer-unternehmen\/","name":"F\u00fcr Unternehmen - Neustart im Beruf","isPartOf":{"@id":"https:\/\/neustart-im-beruf.de\/startseite\/#website"},"primaryImageOfPage":{"@id":"https:\/\/neustart-im-beruf.de\/startseite\/fuer-unternehmen\/#primaryimage"},"datePublished":"2020-01-26T18:41:18+00:00","dateModified":"2020-03-24T16:12:02+00:00","description":"Optimale Mitarbeiterplatzierung in Unternehmen. Neuro-Jobcoach Thomas Joachim unterst\u00fctzt Sie dabei. Jetzt hier kostenfreies Strategiegespr\u00e4ch anfordern...","breadcrumb":{"@id":"https:\/\/neustart-im-beruf.de\/startseite\/fuer-unternehmen\/#breadcrumb"},"inLanguage":"de","potentialAction":[{"@type":"ReadAction","target":["https:\/\/neustart-im-beruf.de\/startseite\/fuer-unternehmen\/"]}]},{"@type":"BreadcrumbList","@id":"https:\/\/neustart-im-beruf.de\/startseite\/fuer-unternehmen\/#breadcrumb","itemListElement":[{"@type":"ListItem","position":1,"name":"Startseite","item":"https:\/\/neustart-im-beruf.de\/startseite\/"},{"@type":"ListItem","position":2,"name":"F\u00fcr Unternehmen"}]}]}},"_links":{"self":[{"href":"https:\/\/neustart-im-beruf.de\/startseite\/wp-json\/wp\/v2\/pages\/305"}],"collection":[{"href":"https:\/\/neustart-im-beruf.de\/startseite\/wp-json\/wp\/v2\/pages"}],"about":[{"href":"https:\/\/neustart-im-beruf.de\/startseite\/wp-json\/wp\/v2\/types\/page"}],"author":[{"embeddable":true,"href":"https:\/\/neustart-im-beruf.de\/startseite\/wp-json\/wp\/v2\/users\/1"}],"replies":[{"embeddable":true,"href":"https:\/\/neustart-im-beruf.de\/startseite\/wp-json\/wp\/v2\/comments?post=305"}],"version-history":[{"count":12,"href":"https:\/\/neustart-im-beruf.de\/startseite\/wp-json\/wp\/v2\/pages\/305\/revisions"}],"predecessor-version":[{"id":531,"href":"https:\/\/neustart-im-beruf.de\/startseite\/wp-json\/wp\/v2\/pages\/305\/revisions\/531"}],"wp:attachment":[{"href":"https:\/\/neustart-im-beruf.de\/startseite\/wp-json\/wp\/v2\/media?parent=305"}],"curies":[{"name":"wp","href":"https:\/\/api.w.org\/{rel}","templated":true}]}}